ulate the highest common factor of 2138 and 1047620.
2138
Calculate the greatest common divisor of 560 and 16091705.
35
What is the greatest common divisor of 2301528 and 3468?
204
Calculate the greatest common divisor of 510 and 39950850.
510
Calculate the highest common divisor of 50405910 and 40.
10
What is the greatest common divisor of 18239 and 6496256?
793
Calculate the greatest common divisor of 905726376 and 58.
58
What is the greatest common factor of 432579784 and 468?
52
What is the greatest common divisor of 1124871 and 32307?
2937
What is the greatest common factor of 876226 and 8509?
67
Calculate the greatest common divisor of 1560 and 184570280.
40
What is the greatest common factor of 2163 and 92841?
21
Calculate the greatest common divisor of 2952114 and 198.
66
What is the highest common factor of 53193 and 9740577?
3129
What is the highest common divisor of 8769 and 1530704?
79
What is the highest common factor of 3233 and 793183?
61
Calculate the highest common factor of 50255 and 167808.
437
Calculate the greatest common divisor of 40976096 and 7.
7
What is the greatest common factor of 3272 and 22622199?
409
What is the highest common factor of 620 and 4286900?
20
Calculate the greatest common divisor of 166813 and 4672323.
1559
What is the highest common factor of 52328475 and 1125?
225
Calculate the highest common factor of 1890 and 1119630.
30
Calculate the greatest common divisor of 154809987 and 23.
23
Calculate the greatest common divisor of 678152 and 4223.
103
What is the highest common divisor of 11020 and 1791620?
580
Calculate the highest common divisor of 98758029 and 57.
57
What is the greatest common factor of 448 and 2183076?
28
Calculate the greatest common divisor of 3804302248 and 2456.
2456
Calculate the greatest common divisor of 48 and 3164384.
16
What is the greatest common factor of 65 and 345326774?
13
Calculate the highest common divisor of 91 and 187187819.
91
What is the highest common factor of 16299311 and 2302?
1151
Calculate the greatest common factor of 9494 and 287358.
94
What is the greatest common factor of 3356 and 148949348?
3356
Calculate the greatest common factor of 3486501 and 7245.
207
What is the highest common factor of 340 and 4700228?
68
Calculate the highest common factor of 29824 and 158906.
466
Calculate the highest common factor of 15071042 and 49.
7
What is the highest common divisor of 150785600 and 11200?
11200
Calculate the highest common divisor of 121147651 and 1165.
233
Calculate the highest common divisor of 925482 and 12894.
6
Calculate the greatest common factor of 1375 and 17072.
11
Calculate the highest common divisor of 2358 and 97614.
18
What is the greatest common factor of 25686336 and 2912?
416
What is the greatest common divisor of 21620823 and 420?
21
What is the greatest common divisor of 1763 and 37351?
41
What is the highest common divisor of 2713402 and 134688?
2806
What is the highest common divisor of 28251 and 91203?
129
Calculate the greatest common divisor of 111872 and 7114360.
3496
What is the greatest common factor of 27293019 and 69?
69
Calculate the highest common divisor of 1942936 and 1360.
8
What is the highest common divisor of 5580990 and 990?
90
What is the greatest common divisor of 415907 and 56338?
1657
Calculate the greatest common divisor of 28 and 339582271.
7
Calculate the highest common divisor of 54540 and 31363530.
3030
What is the highest common divisor of 612 and 65314323?
153
What is the highest common factor of 41943 and 560263?
341
What is the highest common factor of 446 and 8916209?
223
What is the greatest common divisor of 76728 and 169302?
834
Calculate the highest common factor of 13761320 and 5320.
760
Calculate the greatest common divisor of 48 and 776125128.
24
Calculate the highest common divisor of 14 and 9393881.
7
What is the highest common factor of 10 and 46933010?
10
What is the greatest common factor of 899796 and 756116?
1796
Calculate the highest common factor of 2025 and 77853.
3
What is the greatest common divisor of 196978 and 414667?
149
What is the highest common divisor of 42 and 628861422?
42
Calculate the highest common factor of 29650 and 86088182.
1186
Calculate the highest common divisor of 24591720 and 144.
24
Calculate the greatest common factor of 154 and 410165.
7
What is the highest common divisor of 17794 and 965671483?
8897
What is the greatest common divisor of 26481636 and 3?
3
What is the greatest common divisor of 4162 and 2634?
2
Calculate the greatest common factor of 121411 and 1323475.
317
What is the greatest common factor of 984 and 21346872?
24
Calculate the highest common factor of 1339 and 28252282.
103
Calculate the greatest common factor of 5232 and 38383587.
327
Calculate the highest common factor of 44546910 and 15.
15
Calculate the highest common divisor of 168 and 24042368.
56
What is the greatest common factor of 2 and 178259035?
1
Calculate the highest common divisor of 807187 and 7.
1
Calculate the greatest common factor of 305056 and 114005147.
9533
What is the greatest common factor of 10438497 and 9?
9
What is the highest common factor of 1313 and 136877?
13
Calculate the highest common factor of 1819251 and 96544.
3017
What is the greatest common factor of 1896055414 and 902?
902
What is the greatest common divisor of 40638 and 21138?
78
Calculate the greatest common divisor of 33693650 and 1425.
475
Calculate the greatest common divisor of 271054 and 5662.
38
What is the highest common factor of 30 and 119598300?
30
Calculate the highest common divisor of 16109 and 302089.
181
What is the highest common divisor of 1806621 and 37859?
131
Calculate the greatest common factor of 23902741 and 475.
19
Calculate the highest common divisor of 5711157 and 9.
9
What is the highest common divisor of 9805 and 56180?
265
Calculate the highest common divisor of 922937 and 33807.
59
Calculate the highest common divisor of 1852 and 12632.
4
Calculate the greatest common divisor of 5845 and 10762315.
835
Calculate the greatest common factor of 1330980 and 71880.
60
Calculate the greatest common factor of 118584032 and 448.
224
Calculate the greatest common factor of 37376 and 633056.
2336
What is the highest common factor of 4521130 and 20?
10
Calculate the greatest common factor of 171 and 91003407.
57
Calculate the highest common factor of 15839731 and 1915.
383
What is the highest common divisor of 520 and 12864480?
40
Calculate the highest common factor of 60 and 1882050.
30
What is the greatest common factor of 9281118 and 3696?
462
Calculate the highest common divisor of 58881 and 90661245.
3099
What is the greatest common divisor of 470171 and 26078?
767
Calculate the highest common factor of 3298 and 2432071.
17
Calculate the highest common divisor of 3338794375 and 625.
625
What is the highest common factor of 190 and 612558955?
95
Calculate the greatest common factor of 1041848 and 16616.
248
What is the highest common factor of 11505983 and 86?
43
What is the greatest common divisor of 92819 and 202303?
101
Calculate the greatest common divisor of 5400 and 6270000.
600
Calculate the greatest common divisor of 542260 and 35492.
76
Calculate the highest common factor of 141 and 3946543.
47
What is the highest common factor of 1300 and 2755037350?
650
Calculate the greatest common factor of 96 and 54364812.
12
Calculate the greatest common divisor of 123263630 and 820.
410
What is the greatest common divisor of 252668 and 11578008?
2236
What is the highest common factor of 83380430 and 70?
70
Calculate the highest common factor of 9 and 78083532.
9
What is the highest common divisor of 14582920 and 64845?
7205
Calculate the greatest common divisor of 6455 and 4870943.
1291
Calculate the greatest common divisor of 120 and 35208660.
60
Calculate the highest common divisor of 824 and 83533.
103
What is the greatest common divisor of 4503516 and 76638?
318
What is the greatest common factor of 11616 and 7328448?
96
What is the greatest common divisor of 40291225 and 575?
25
Calculate the greatest common divisor of 134158986 and 2223.
117
What is the highest common factor of 1824152 and 11704?
1672
Calculate the greatest common factor of 32160448 and 448.
64
What 